{"id":22,"date":"2023-01-31T15:50:07","date_gmt":"2023-01-31T15:50:07","guid":{"rendered":"https:\/\/sgueberruhr.de\/?page_id=22"},"modified":"2025-04-15T20:00:04","modified_gmt":"2025-04-15T19:00:04","slug":"vorstand","status":"publish","type":"page","link":"https:\/\/sgueberruhr.de\/?page_id=22","title":{"rendered":"Vorstand"},"content":{"rendered":"\n<h2 class=\"wp-block-heading\">Vorstand HSV \u00dcberruhr<\/h2>\n\n\n\n<p>Handball- und Sport-Verein Essen-\u00dcberruhr 1952 e.V. Essen-\u00dcberruhr, Heinrich-K\u00e4mpchen-Str. 14d, 45289 Essen<\/p>\n\n\n\n<figure class=\"wp-block-table\"><table><tbody><tr><td class=\"has-text-align-center\" data-align=\"center\">Funktion<\/td><td class=\"has-text-align-center\" data-align=\"center\">Name<\/td><td class=\"has-text-align-center\" data-align=\"center\">Kontakt<\/td><\/tr><tr><td class=\"has-text-align-center\" data-align=\"center\">1. Vorsitzender<\/td><td class=\"has-text-align-center\" data-align=\"center\">J\u00f6rg Simon<\/td><td class=\"has-text-align-center\" data-align=\"center\"><a href=\"Mailto:Joco.simon@t-online.de\">Mail<\/a><\/td><\/tr><tr><td class=\"has-text-align-center\" data-align=\"center\">2. Vorsitzender<\/td><td class=\"has-text-align-center\" data-align=\"center\">Julia Servaty<\/td><td class=\"has-text-align-center\" data-align=\"center\"><a href=\"Mailto:juliaservaty@googlemail.com\">Mail<\/a><\/td><\/tr><tr><td class=\"has-text-align-center\" data-align=\"center\">Gesch\u00e4ftsf\u00fchrer <\/td><td class=\"has-text-align-center\" data-align=\"center\">Maren Simon<\/td><td class=\"has-text-align-center\" data-align=\"center\"><a href=\"Mailto:Maren.simon@sgueberruhr.de\">Mail<\/a><\/td><\/tr><tr><td class=\"has-text-align-center\" data-align=\"center\"><em>2. Gesch\u00e4ftsf\u00fchrer <\/em><\/td><td class=\"has-text-align-center\" data-align=\"center\">Corina Simon<\/td><td class=\"has-text-align-center\" data-align=\"center\"><a href=\"Mailto:Joco.simon@t-online.de\">Mail<\/a><\/td><\/tr><tr><td class=\"has-text-align-center\" data-align=\"center\">Kassenwart<\/td><td class=\"has-text-align-center\" data-align=\"center\">Ralf Asmann<\/td><td class=\"has-text-align-center\" data-align=\"center\"><a href=\"mailto:ralfasmann@aol.com\">Mail<\/a><\/td><\/tr><tr><td class=\"has-text-align-center\" data-align=\"center\"><em>2. Kassenwart<\/em><\/td><td class=\"has-text-align-center\" data-align=\"center\">Jonas Tworuschka<\/td><td class=\"has-text-align-center\" data-align=\"center\"><\/td><\/tr><tr><td class=\"has-text-align-center\" data-align=\"center\">Jugendwart<\/td><td class=\"has-text-align-center\" data-align=\"center\">Katharina Birkenstock<\/td><td class=\"has-text-align-center\" data-align=\"center\"><a href=\"Mailto:Katharina.birkenstock@gmx.net\">Mail<\/a><\/td><\/tr><tr><td class=\"has-text-align-center\" data-align=\"center\"><em>2. Jugendwart<\/em><\/td><td class=\"has-text-align-center\" data-align=\"center\">Alina Becker<\/td><td class=\"has-text-align-center\" data-align=\"center\"><a href=\"Mailto:a_becker98@web.de\">Mail<\/a><\/td><\/tr><tr><td class=\"has-text-align-center\" data-align=\"center\"><\/td><td class=\"has-text-align-center\" data-align=\"center\"><\/td><td class=\"has-text-align-center\" data-align=\"center\"><\/td><\/tr><tr><td class=\"has-text-align-center\" data-align=\"center\">Passstelle<\/td><td class=\"has-text-align-center\" data-align=\"center\">Katharina Birkenstock<\/td><td class=\"has-text-align-center\" data-align=\"center\"><a href=\"Mailto:Katharina.birkenstock@gmx.net\">Mail<\/a><\/td><\/tr><tr><td class=\"has-text-align-center\" data-align=\"center\">Media&amp;Presse<\/td><td class=\"has-text-align-center\" data-align=\"center\">Nico Birkenstock<\/td><td class=\"has-text-align-center\" data-align=\"center\"><a href=\"Mailto:Nico.birkenstock@sgueberruhr.de\">Mail<\/a><\/td><\/tr><tr><td class=\"has-text-align-center\" data-align=\"center\">Rechts &amp; Sozialwart<\/td><td class=\"has-text-align-center\" data-align=\"center\">Anne Wollweber<\/td><td class=\"has-text-align-center\" data-align=\"center\"><a href=\"Mailto:Anne.wollweber@posteo.de\">Mail<\/a><\/td><\/tr><\/tbody><\/table><\/figure>\n\n\n\n<h2 class=\"wp-block-heading\">Handballabteilung (SG \u00dcberruhr)<\/h2>\n\n\n\n<figure class=\"wp-block-table\"><table><tbody><tr><td class=\"has-text-align-center\" data-align=\"center\">Funktion<\/td><td class=\"has-text-align-center\" data-align=\"center\">Name<\/td><td class=\"has-text-align-center\" data-align=\"center\">Kontakt<\/td><\/tr><tr><td class=\"has-text-align-center\" data-align=\"center\">Abteilungsleiter Herren<\/td><td class=\"has-text-align-center\" data-align=\"center\">Markus Sommerfeld<\/td><td class=\"has-text-align-center\" data-align=\"center\"><a href=\"Mailto:markussommerfeld@gmx.net\">Mail<\/a><\/td><\/tr><tr><td class=\"has-text-align-center\" data-align=\"center\"><em>Teammanager 1. Herren<\/em><\/td><td class=\"has-text-align-center\" data-align=\"center\">Lars Thomas<\/td><td class=\"has-text-align-center\" data-align=\"center\"><\/td><\/tr><tr><td class=\"has-text-align-center\" data-align=\"center\"><\/td><td class=\"has-text-align-center\" data-align=\"center\"><\/td><td class=\"has-text-align-center\" data-align=\"center\"><\/td><\/tr><tr><td class=\"has-text-align-center\" data-align=\"center\">Abteilungsleiter Damen <\/td><td class=\"has-text-align-center\" data-align=\"center\">Sophie Bredendiek <\/td><td class=\"has-text-align-center\" data-align=\"center\"><a href=\"Mailto:sophiebredendiek@web.de\">Mail<\/a><\/td><\/tr><tr><td class=\"has-text-align-center\" data-align=\"center\"><em>Teammanager(-in) 1. Damen<\/em><\/td><td class=\"has-text-align-center\" data-align=\"center\">Sinje Weisz<\/td><td class=\"has-text-align-center\" data-align=\"center\"><br><br><\/td><\/tr><\/tbody><\/table><\/figure>\n\n\n\n<h2 class=\"wp-block-heading\">Tischtennisabteilung<\/h2>\n\n\n\n<figure class=\"wp-block-table\"><table><tbody><tr><td class=\"has-text-align-center\" data-align=\"center\">Funktion<\/td><td class=\"has-text-align-center\" data-align=\"center\">Name<\/td><td class=\"has-text-align-center\" data-align=\"center\">Kontakt<\/td><\/tr><tr><td class=\"has-text-align-center\" data-align=\"center\">Abteilungsleiter<\/td><td class=\"has-text-align-center\" data-align=\"center\">Bernd Zender<\/td><td class=\"has-text-align-center\" data-align=\"center\"><\/td><\/tr><\/tbody><\/table><\/figure>\n\n\n\n<p><\/p>\n","protected":false},"excerpt":{"rendered":"<p>Vorstand HSV \u00dcberruhr Handball- und Sport-Verein Essen-\u00dcberruhr 1952 e.V. Essen-\u00dcberruhr, Heinrich-K\u00e4mpchen-Str. 14d, 45289 Essen Funktion Name Kontakt 1. Vorsitzender J\u00f6rg Simon Mail 2. Vorsitzender Julia Servaty Mail Gesch\u00e4ftsf\u00fchrer Maren Simon&hellip;&nbsp;<a href=\"https:\/\/sgueberruhr.de\/?page_id=22\" rel=\"bookmark\">Weiterlesen &raquo;<span class=\"screen-reader-text\">Vorstand<\/span><\/a><\/p>\n","protected":false},"author":1,"featured_media":0,"parent":0,"menu_order":0,"comment_status":"closed","ping_status":"closed","template":"","meta":{"neve_meta_sidebar":"","neve_meta_container":"","neve_meta_enable_content_width":"","neve_meta_content_width":0,"neve_meta_title_alignment":"","neve_meta_author_avatar":"","neve_post_elements_order":"","neve_meta_disable_header":"","neve_meta_disable_footer":"","neve_meta_disable_title":"","_themeisle_gutenberg_block_has_review":false,"footnotes":""},"class_list":["post-22","page","type-page","status-publish","hentry"],"_links":{"self":[{"href":"https:\/\/sgueberruhr.de\/index.php?rest_route=\/wp\/v2\/pages\/22","targetHints":{"allow":["GET"]}}],"collection":[{"href":"https:\/\/sgueberruhr.de\/index.php?rest_route=\/wp\/v2\/pages"}],"about":[{"href":"https:\/\/sgueberruhr.de\/index.php?rest_route=\/wp\/v2\/types\/page"}],"author":[{"embeddable":true,"href":"https:\/\/sgueberruhr.de\/index.php?rest_route=\/wp\/v2\/users\/1"}],"replies":[{"embeddable":true,"href":"https:\/\/sgueberruhr.de\/index.php?rest_route=%2Fwp%2Fv2%2Fcomments&post=22"}],"version-history":[{"count":14,"href":"https:\/\/sgueberruhr.de\/index.php?rest_route=\/wp\/v2\/pages\/22\/revisions"}],"predecessor-version":[{"id":1123,"href":"https:\/\/sgueberruhr.de\/index.php?rest_route=\/wp\/v2\/pages\/22\/revisions\/1123"}],"wp:attachment":[{"href":"https:\/\/sgueberruhr.de\/index.php?rest_route=%2Fwp%2Fv2%2Fmedia&parent=22"}],"curies":[{"name":"wp","href":"https:\/\/api.w.org\/{rel}","templated":true}]}}